 34243444 - -131?
34244130
In base 8, what is -2067 - -6763?
4674
In base 5, what is 4030144 + -130234?
3344410
In base 8, what is 6704577 + 3?
6704602
In base 6, what is -25 - 3133115301?
-3133115330
In base 2, what is -1011101100110010100 + -100101011?
-1011101101010111111
In base 6, what is 434452210 + -43?
434452123
In base 4, what is -11200200132212 + -3?
-11200200132221
In base 14, what is bd73a9 - -53?
bd741c
In base 13, what is 18a + -654?
-497
In base 5, what is 11132310043 - 30?
11132310013
In base 13, what is -371735 - a?
-371742
In base 2, what is 1100 + -10000001001111111010101?
-10000001001111111001001
In base 9, what is 2738 + 32801?
35640
In base 11, what is 8 - a647895?
-a647888
In base 16, what is 167bf94 - -1?
167bf95
In base 13, what is -43799b40 - -4?
-43799b39
In base 16, what is b45a41 + 5?
b45a46
In base 4, what is -10202122130 + -100?
-10202122230
In base 6, what is -4 + -3051432221?
-3051432225
In base 3, what is 122 - 1010112112021?
-1010112111122
In base 5, what is -411 - -10101124?
10100213
In base 13, what is -177b6 - 5a?
-17843
In base 15, what is -2 - b945b92?
-b945b94
In base 13, what is 0 + -82632a6?
-82632a6
In base 9, what is -10400 + -1265?
-11665
In base 12, what is 71 - 110406?
-110355
In base 11, what is -125704 + 18?
-125697
In base 16, what is -4221 - 44?
-4265
In base 14, what is 10945 - -2d50?
13895
In base 14, what is 12549410 - 5?
12549409
In base 5, what is -234 + -4211320?
-4212104
In base 6, what is -4210523 + 42?
-4210441
In base 12, what is -269 - -13a77?
1380a
In base 6, what is -52 + 50101341?
50101245
In base 11, what is 16273a82 + -2?
16273a80
In base 15, what is 2879c8 + 13c?
287b15
In base 13, what is 11cac1 - -c?
11cb00
In base 15, what is e0 - -123e6?
124d6
In base 16, what is -265 - -bc1e?
b9b9
In base 7, what is -64445 - -2404?
-62041
In base 12, what is -1b - 280135?
-280154
In base 12, what is 33 + -4a051?
-4a01a
In base 8, what is -1044237 - -445?
-1043572
In base 14, what is -1d8 + -1a6d8?
-1a8d2
In base 13, what is 1 + a6a036c?
a6a0370
In base 11, what is -127974606 - 1?
-127974607
In base 13, what is -25c3a31 + -4?
-25c3a35
In base 7, what is -1 - -1640000443?
1640000442
In base 5, what is 10431434 - 11040?
10420344
In base 3, what is 11021200 - -12021021?
100112221
In base 2, what is -11 + 1000011111101010011?
1000011111101010000
In base 15, what is -400c8 + 2b8?
-3ed10
In base 16, what is 0 + 1afbe37?
1afbe37
In base 5, what is 1 - 1003110203?
-1003110202
In base 4, what is -11 - 220313112222?
-220313112233
In base 16, what is 3 + -f3f271?
-f3f26e
In base 15, what is -8a5880 + 87?
-8a57e8
In base 10, what is 963 + 6913?
7876
In base 2, what is -111 + -1110010000000100011101111?
-1110010000000100011110110
In base 6, what is -152 - -11314251?
11314055
In base 8, what is -21606 - 2063?
-23671
In base 10, what is -684979 + 8?
-684971
In base 11, what is -2aa346 - -4?
-2aa342
In base 2, what is 100001100010110110 + 11111101110?
100010000010100100
In base 16, what is 2 + -2a118f4?
-2a118f2
In base 9, what is -310 + -41208?
-41518
In base 16, what is -33bc4 + -28?
-33bec
In base 2, what is 1 - 1011110010011111110001101?
-1011110010011111110001100
In base 5, what is 20200413112 - -34?
20200413201
In base 9, what is 878725 - 13?
878712
In base 9, what is 3050177 - -26?
3050214
In base 3, what is -221221122000 - 221?
-221221122221
In base 2, what is -10100 + 1011101111010000100?
1011101111001110000
In base 8, what is 13211 + 365170?
400401
In base 2, what is 1 + 1110011010011010101100011?
1110011010011010101100100
In base 8, what is -556615 + -5?
-556622
In base 12, what is -8680475 + -5?
-868047a
In base 16, what is -9 + 124a90f?
124a906
In base 11, what is 1906 - 88909?
-87003
In base 5, what is -12 + 41434320100?
41434320033
In base 9, what is -1588364 + 10?
-1588354
In base 2, what is 100110110001111 + 101101001101?
101100011011100
In base 10, what is 75951502 - -1?
75951503
In base 9, what is -5 - 44303317?
-44303323
In base 6, what is 1551250 - -100?
1551350
In base 3, what is 21022210 - 1111010012?
-1012210102
In base 3, what is 12 + 100122112000?
100122112012
In base 7, what is -1220524 + 2666?
-1214525
In base 9, what is 46 + -4351543?
-4351486
In base 6, what is -13021515210 + -5?
-13021515215
In base 3, what is 1000222011 - -2000122?
1002222210
In base 12, what is -b72099bb - -1?
-b72099ba
In base 6, what is -12 + -131520225?
-131520241
In base 4, what is -10221321230 + 21?
-10221321203
In base 3, what is 101201 - 102001121200?
-102001012222
In base 16, what is 3f - de18d?
-de14e
In base 16, what is -3b1 - fc5?
-1376
In base 12, what is 4 + 1452ba85?
1452ba89
In base 6, what is -32504 - 1035544?
-1112452
In base 14, what is 16d28 - -1b5?
170dd
In base 10, what is -37 + -9740234?
-9740271
In base 9, what is 607 + -327726?
-327118
In base 8, what is 4 + -11313024?
-11313020
In base 5, what is 2213312413 - -1141?
2213314104
In base 11, what is 2 + -105a960?
-105a959
In base 9, what is 288512 + 38?
288551
In base 7, what is 1 - 250316223?
-250316222
In base 13, what is -148aa - -21a?
-14690
In base 8, what is 132000264 - 1?
132000263
In base 16, what is -7 + -426108?
-42610f
In base 4, what is 2021012230012 + -2?
2021012230010
In base 6, what is -20 - -313403320?
313403300
In base 16, what is -b4df1 - 8?
-b4df9
In base 7, what is 242245010 - 21?
242244656
In base 10, what is -11690831 - -23?
-11690808
In base 14, what is -31 - b40cc?
-b411d
In base 13, what is 63 + 11a7a0?
11a833
In base 3, what is -1 + 101100121202211?
101100121202210
In base 5, what is 1024233 + 11034344?
12114132
In base 3, what is -2 + -111212112102012?
-111212112102021
In base 16, what is bd336d + -9?
bd3364
In base 14, what is 1d9d77 - 122?
1d9c55
In base 6, what is 133424024531 + 1?
133424024532
In base 6, what is -4332 + 3041225?
3032453
In base 3, what is 11020211002121 - 2001?
11020211000120
In base 12, what is 7 - 59553?
-59548
In base 10, what is 5 + -204988?
-204983
In base 6, what is 0 - -13523444031?
13523444031
In base 5, what is -131 + 3030231?
3030100
In base 7, what is 150 + 2045454?
2045634
In base 5, what is -3320202102 - 20?
-3320202122
In base 4, what is 201322110 - 11322?
201310122
In base 15, what is -b43a7 - -2?
-b43a5
In base 7, what is 46526416 + 44?
46526463
In base 4, what is 220333 + -20113?
200220
In base 16, what is -5 - -1516997?
1516992
In base 6, what is 45 - 15143204?
-15143115
In base 6, what is 4 - -104045144?
104045152
In base 5, what is -1442323 + 10?
-1442313
In base 4, what is 2 + 2213300202?
2213300210
In base 12, what is 368 - 3045?
-2899
In base 11, what is 4907 - 113838?
-109a31
In base 10, what is -124002423 + 4?
-124002419
In base 15, what is -4000de - 4?
-4000e3
In base 15, what is 11 + 2ab4cbb?
2ab4ccc
In base 11, what is 119 + -1894?
-1776
In base 12, what is -50ab81 + 5?
-50ab78
In base 2, what is -1111000000010110 - -1011110?
-1110111110111000
In base 14, what is 964 + 8041?
89a5
In base 4, what is 133313301 + -3211?
133310030
In base 13, what is 4 + -38420a?
-384206
In base 13, what is 17415 - -86?
1749b
In base 7, what is 1 - -1646402415?
1646402416
In base 9, what is -26827 + -122331?
-150258
In base 15, what is ad + -592ed?
-59240
In base 5, what is -322411043 + 34?
-322411004
In base 14, what is -1acd12 + d?
-1acd03
In base 6, what is -141535223 - 10?
-141535233
In base 4, what is 203 + -103023021?
-103022212
In base 13, what is -3a0268 + 11?
-3a0257
In base 11, what is 54412 + -198?
54225
In base 15, what is 4aa - -1039d?
10858
In base 2, what is 11110011011010 - 10010001010010010?
-1110010110111000
In base 3, what is -1101120110 - -222000?
-1100121110
In base 11, what is 18722 - -383?
18aa5
In base 5, what is -1314133 - 2022144?
-3341332
In base 5, what is 12211 - 14403?
-2142
In base 2, what is -11010 - 10100011101101001?
-10100011110000011
In base 16, what is -5e0949 - -2?
-5e0947
In base 13, what is aa62 - b8?
a977
In base 15, what is -2 + -163352e?
-1633531
In base 13, what is -b + 15c930b7?
15c930a9
In base 5, what is -12 + -322112141?
-322112203
In base 8, what is -107 + -1621312?
-1621421
In base 16, what is 2 + 359e7f?
359e81
In base 5, what is -110033 + -330041?
-440124
In base 14, what is 1a2 - 3177?
-2db5
In base 12, what is 1 + 8b616?
